 the ten millions digit of 2822644222?
2
What is the thousands digit of 160412155?
2
What is the units digit of 1366968290?
0
What is the millions digit of 270733474?
0
What is the thousands digit of 163461530?
1
What is the thousands digit of 194105177?
5
What is the millions digit of 614271052?
4
What is the units digit of 290423299?
9
What is the ten thousands digit of 304364092?
6
What is the ten thousands digit of 846581970?
8
What is the ten thousands digit of 632374377?
7
What is the hundred millions digit of 1125542195?
1
What is the hundred thousands digit of 112664253?
6
What is the hundred thousands digit of 111641196?
6
What is the tens digit of 45498827?
2
What is the hundred millions digit of 850972096?
8
What is the ten thousands digit of 14691339?
9
What is the ten millions digit of 129921403?
2
What is the ten millions digit of 365390001?
6
What is the millions digit of 1924520896?
4
What is the hundred thousands digit of 9657237?
6
What is the billions digit of 2332276869?
2
What is the hundreds digit of 141245425?
4
What is the hundred millions digit of 938395635?
9
What is the hundred thousands digit of 338963957?
9
What is the units digit of 27163812?
2
What is the hundred thousands digit of 765344555?
3
What is the ten thousands digit of 838308520?
0
What is the thousands digit of 96181366?
1
What is the ten thousands digit of 38038616?
3
What is the ten thousands digit of 176652369?
5
What is the thousands digit of 901389334?
9
What is the tens digit of 209686972?
7
What is the ten millions digit of 986121666?
8
What is the ten thousands digit of 9292407?
9
What is the hundred thousands digit of 248084605?
0
What is the ten millions digit of 475497194?
7
What is the hundred thousands digit of 248282953?
2
What is the thousands digit of 457190?
7
What is the units digit of 1370418550?
0
What is the tens digit of 129651587?
8
What is the units digit of 29660431?
1
What is the thousands digit of 3231223474?
3
What is the hundreds digit of 523107733?
7
What is the hundred millions digit of 138871553?
1
What is the hundred thousands digit of 4252938770?
9
What is the ten thousands digit of 30056203?
5
What is the hundred millions digit of 1364191515?
3
What is the millions digit of 1573208726?
3
What is the hundred thousands digit of 960860952?
8
What is the tens digit of 503542575?
7
What is the billions digit of 1372843336?
1
What is the billions digit of 3413482710?
3
What is the hundreds digit of 440377882?
8
What is the thousands digit of 28023251?
3
What is the ten millions digit of 1900509139?
0
What is the ten thousands digit of 52283758?
8
What is the hundred thousands digit of 3755565807?
5
What is the hundred thousands digit of 1519174114?
1
What is the ten thousands digit of 21703456?
0
What is the ten thousands digit of 34870572?
7
What is the thousands digit of 41122265?
2
What is the units digit of 453488510?
0
What is the millions digit of 28186894?
8
What is the thousands digit of 12838488?
8
What is the tens digit of 90068904?
0
What is the tens digit of 6961396?
9
What is the units digit of 6405231?
1
What is the tens digit of 58143306?
0
What is the hundred millions digit of 2242142040?
2
What is the hundred thousands digit of 1886036864?
0
What is the hundred thousands digit of 42658247?
6
What is the ten millions digit of 188439016?
8
What is the ten thousands digit of 2334541238?
4
What is the tens digit of 765938113?
1
What is the hundred thousands digit of 382934257?
9
What is the hundred thousands digit of 401800295?
8
What is the ten thousands digit of 441491827?
9
What is the thousands digit of 271093080?
3
What is the ten millions digit of 1743158366?
4
What is the millions digit of 1109048?
1
What is the units digit of 38618138?
8
What is the ten millions digit of 244421211?
4
What is the hundred thousands digit of 3772091432?
0
What is the hundred millions digit of 1278323350?
2
What is the hundreds digit of 3805581224?
2
What is the thousands digit of 72874061?
4
What is the millions digit of 269962540?
9
What is the hundred thousands digit of 160371253?
3
What is the hundreds digit of 72795284?
2
What is the ten millions digit of 72033995?
7
What is the millions digit of 2620547?
2
What is the hundreds digit of 1264072304?
3
What is the thousands digit of 36265473?
5
What is the hundred thousands digit of 46177443?
1
What is the ten thousands digit of 473371489?
7
What is the units digit of 3192795404?
4
What is the ten millions digit of 105355561?
0
What is the hundred thousands digit of 1713414629?
4
What is the hundred millions digit of 118550176?
1
What is the ten thousands digit of 5768338770?
3
What is the millions digit of 678635012?
8
What is the hundred millions digit of 320026897?
3
What is the hundreds digit of 23724248?
2
What is the tens digit of 114977449?
4
What is the hundreds digit of 27064994?
9
What is the ten thousands digit of 116961758?
6
What is the hundred millions digit of 2252370927?
2
What is the hundred thousands digit of 247800651?
8
What is the hundreds digit of 792261451?
4
What is the thousands digit of 159024365?
4
What is the ten thousands digit of 3634747857?
4
What is the units digit of 1074791225?
5
What is the hundred thousands digit of 639507807?
5
What is the millions digit of 105707407?
5
What is the units digit of 125381945?
5
What is the hundred thousands digit of 129889401?
8
What is the ten thousands digit of 100946638?
4
What is the tens digit of 43369579?
7
What is the billions digit of 1531156997?
1
What is the ten millions digit of 58819985?
5
What is the units digit of 49404343?
3
What is the tens digit of 16216106?
0
What is the tens digit of 7492551?
5
What is the units digit of 51713772?
2
What is the thousands digit of 35685357?
5
What is the thousands digit of 622516226?
6
What is the hundred thousands digit of 281633?
2
What is the units digit of 89728603?
3
What is the hundreds digit of 288642751?
7
What is the units digit of 13628222?
2
What is the hundreds digit of 1341694304?
3
What is the ten thousands digit of 147365981?
6
What is the ten millions digit of 376695756?
7
What is the hundred thousands digit of 681262441?
2
What is the thousands digit of 181824754?
4
What is the units digit of 367482832?
2
What is the millions digit of 507797769?
7
What is the billions digit of 2082824595?
2
What is the hundred thousands digit of 624779158?
7
What is the ten thousands digit of 2069878199?
7
What is the units digit of 102240261?
1
What is the millions digit of 4884037854?
4
What is the hundred thousands digit of 158793716?
7
What is the thousands digit of 2190627068?
7
What is the hundred millions digit of 348813080?
3
What is the millions digit of 22140289?
2
What is the millions digit of 27054955?
7
What is the hundred thousands digit of 61779022?
7
What is the tens digit of 247736207?
0
What is the hundreds digit of 1917589806?
8
What is the billions digit of 6839582694?
6
What is the ten thousands digit of 3702847962?
4
What is the ten millions digit of 184538318?
8
What is the hundreds digit of 21004347?
3
What is the ten thousands digit of 4516656297?
5
What is the tens digit of 792158790?
9
What is the units digit of 15292774?
4
What is the millions digit of 603871675?
3
What is the hundred millions digit of 816912313?
8
What is the thousands digit of 39620289?
0
What is the tens digit of 30739163?
6
What is the ten thousands digit of 13631328?
3
What is the hundred millions digit of 192886858?
1
What is the units digit of 444761620?
0
What is the hundred millions digit of 299171317?
2
What is the thousands digit of 87633233?
3
What is the hundred thousands digit of 955932064?
9
What is the thousands digit of 77901201?
1
What is the ten millions digit of 2515268994?
1
What is the thousands digit of 205998823?
8
What is the units digit of 3024826030?
0
What is the ten thousands digit of 58318079?
1
What is the hundred thousands digit of 1105607496?
6
What is the ten thousands digit of 1008846169?
4
What is the ten millions digit of 787387603?
8
What is the units digit of 311403152?
2
What is the hundred thousands digit of 13766216?
7
What is the units digit of 89546505?
5
What is the hundred millions digit of 279300949?
2
What